453627277?
3
What is the hundred thousands digit of 269279816?
2
What is the ten millions digit of 39847490?
3
What is the hundred millions digit of 1046547700?
0
What is the millions digit of 1578362386?
8
What is the millions digit of 113959257?
3
What is the tens digit of 9022968959?
5
What is the billions digit of 1512477984?
1
What is the tens digit of 1448425164?
6
What is the hundreds digit of 252360931?
9
What is the thousands digit of 3881326500?
6
What is the millions digit of 276036037?
6
What is the hundreds digit of 79570122?
1
What is the hundreds digit of 612356112?
1
What is the tens digit of 5002073337?
3
What is the thousands digit of 136691225?
1
What is the hundred thousands digit of 183251654?
2
What is the hundred thousands digit of 663295009?
2
What is the units digit of 54871605?
5
What is the units digit of 300414893?
3
What is the hundreds digit of 184253460?
4
What is the hundreds digit of 493097393?
3
What is the tens digit of 14624629?
2
What is the units digit of 85276782?
2
What is the units digit of 49111163?
3
What is the thousands digit of 252634626?
4
What is the hundred millions digit of 1081021117?
0
What is the millions digit of 168618580?
8
What is the hundred millions digit of 125630059?
1
What is the billions digit of 1246473589?
1
What is the millions digit of 17727949?
7
What is the millions digit of 2831847708?
1
What is the thousands digit of 19387252?
7
What is the tens digit of 19688586?
8
What is the hundreds digit of 112742803?
8
What is the thousands digit of 686579255?
9
What is the billions digit of 3285592350?
3
What is the ten thousands digit of 639009239?
0
What is the millions digit of 1218885022?
8
What is the tens digit of 317597663?
6
What is the tens digit of 30567769?
6
What is the tens digit of 117727205?
0
What is the hundred thousands digit of 7562018893?
0
What is the hundreds digit of 327830338?
3
What is the millions digit of 6755158408?
5
What is the hundreds digit of 3469113543?
5
What is the hundred thousands digit of 1765135372?
1
What is the ten millions digit of 394961123?
9
What is the units digit of 302764930?
0
What is the ten millions digit of 372232989?
7
What is the tens digit of 1932699701?
0
What is the ten thousands digit of 211156951?
5
What is the hundred millions digit of 190499106?
1
What is the tens digit of 48753108?
0
What is the tens digit of 768271790?
9
What is the ten thousands digit of 18767745?
6
What is the hundred millions digit of 807702503?
8
What is the tens digit of 68779782?
8
What is the tens digit of 17719296?
9
What is the ten millions digit of 307126335?
0
What is the hundred millions digit of 218377937?
2
What is the units digit of 22708588?
8
What is the tens digit of 283951898?
9
What is the ten millions digit of 53917413?
5
What is the hundred thousands digit of 25701106?
7
What is the hundred millions digit of 6136345934?
1
What is the thousands digit of 18211147?
1
What is the thousands digit of 348425927?
5
What is the thousands digit of 4991194266?
4
What is the ten millions digit of 55968168?
5
What is the thousands digit of 39333602?
3
What is the ten millions digit of 2794269537?
9
What is the units digit of 228446897?
7
What is the hundred thousands digit of 83145464?
1
What is the ten thousands digit of 102248527?
4
What is the units digit of 76611597?
7
What is the hundreds digit of 690179130?
1
What is the millions digit of 35794616?
5
What is the hundred millions digit of 1937350152?
9
What is the tens digit of 341785123?
2
What is the ten thousands digit of 251311083?
1
What is the units digit of 630665503?
3
What is the hundreds digit of 61687570?
5
What is the units digit of 120712295?
5
What is the tens digit of 1297528590?
9
What is the ten millions digit of 5779684526?
7
What is the hundred millions digit of 2281531570?
2
What is the ten thousands digit of 1413213445?
1
What is the units digit of 93405608?
8
What is the tens digit of 229620121?
2
What is the hundred thousands digit of 275761644?
7
What is the hundred thousands digit of 511253599?
2
What is the hundreds digit of 329526105?
1
What is the ten thousands digit of 117174936?
7
What is the billions digit of 3942518762?
3
What is the hundred millions digit of 843982721?
8
What is the ten millions digit of 1027339327?
2
What is the tens digit of 1276307234?
3
What is the ten millions digit of 352710986?
5
What is the ten thousands digit of 582712055?
1
What is the ten thousands digit of 14791626?
9
What is the hundred thousands digit of 209119636?
1
What is the millions digit of 1447219081?
7
What is the ten thousands digit of 2469738241?
3
What is the thousands digit of 58001416?
1
What is the billions digit of 5450419032?
5
What is the hundred thousands digit of 58922756?
9
What is the thousands digit of 211889447?
9
What is the tens digit of 39463827?
2
What is the ten millions digit of 3282659153?
8
What is the units digit of 180664925?
5
What is the hundreds digit of 94082178?
1
What is the millions digit of 422997361?
2
What is the hundred thousands digit of 17365433?
3
What is the units digit of 68356325?
5
What is the hundreds digit of 1313820591?
5
What is the units digit of 738155870?
0
What is the thousands digit of 411347154?
7
What is the hundred thousands digit of 99131126?
1
What is the hundreds digit of 42686605?
6
What is the ten millions digit of 148654208?
4
What is the billions digit of 1959572532?
1
What is the hundreds digit of 635921335?
3
What is the hundreds digit of 101935755?
7
What is the hundred thousands digit of 133112513?
1
What is the units digit of 723850955?
5
What is the ten millions digit of 1989563815?
8
What is the ten thousands digit of 52512773?
1
What is the ten thousands digit of 6926698796?
9
What is the units digit of 273083296?
6
What is the ten thousands digit of 22137810?
3
What is the thousands digit of 701062829?
2
What is the millions digit of 220281106?
0
What is the units digit of 2190762629?
9
What is the thousands digit of 652346305?
6
What is the units digit of 117605623?
3
What is the ten millions digit of 2354519844?
5
What is the hundred millions digit of 1858225796?
8
What is the thousands digit of 302182357?
2
What is the hundred thousands digit of 199529696?
5
What is the hundred millions digit of 2368648841?
3
What is the millions digit of 8495099?
8
What is the ten millions digit of 34492059?
3
What is the hundreds digit of 432740701?
7
What is the hundreds digit of 10990572?
5
What is the units digit of 525399239?
9
What is the thousands digit of 94088619?
8
What is the units digit of 242922405?
5
What is the hundreds digit of 5948418747?
7
What is the hundreds digit of 47972746?
7
What is the hundred millions digit of 1148252296?
1
What is the units digit of 5296205815?
5
What is the tens digit of 12263244?
4
What is the millions digit of 6823957?
6
What is the hundred millions digit of 1254612027?
2
What is the ten thousands digit of 35168208?
6
What is the tens digit of 3351471741?
4
What is the hundreds digit of 300788549?
5
What is the units digit of 582996069?
9
What is the hundred thousands digit of 420652870?
6
What is the ten thousands digit of 1443075885?
7
What is the millions digit of 48139182?
8
What is the hundred thousands digit of 58112764?
1
What is the ten millions digit of 170464275?
7
What is the millions digit of 36592867?
6
What is the ten millions digit of 146215677?
4
What is the hundreds digit of 466879912?
9
What is the hundred millions digit of 4416627587?
4
What is the hundred thousands digit of 4401595?
4
What is the millions digit of 168393687?
8
What is the millions digit of 3122289?
3
What is the hundreds digit of 498098558?
5
What is the units digit of 4564901688?
8
What is the ten millions digit of 19993425?
1
What is the thousands digit of 39449252?
9
What is the hundreds digit of 64111735?
7
What is the hundreds digit of 53328633?
6
What is the millions digit of 195293171?
5
What is the tens digit of 2179796840?
4
What is the thousands digit of 92514169?
4
What is the hundred millions digit of 879302449?
8
What is the units digit of 236627889?
9
What is the hundred millions digit of 2002866765?
0
What is the hundred millions digit of 189070041?
1
What is t